{"id":512,"date":"2023-03-17T11:45:39","date_gmt":"2023-03-17T11:45:39","guid":{"rendered":"https:\/\/scoalamartisor.ro\/?page_id=512"},"modified":"2023-03-17T11:47:26","modified_gmt":"2023-03-17T11:47:26","slug":"intrebari-frecvente-si-raspunsuri","status":"publish","type":"page","link":"https:\/\/scoalamartisor.ro\/?page_id=512","title":{"rendered":"\u00centreb\u0103ri Frecvente \u0219i R\u0103spunsuri"},"content":{"rendered":"\n<p><\/p>\n\n\n\n<p class=\"has-text-align-center\"><strong>Reg\u0103si\u021bi mai jos, sub forma \u00eentrebare &#8211; r\u0103spuns, sinteza principalelor elemente cuprinse \u00een calendarul \u0219i metodologia-cadru pentru \u00eenscrierea copiilor \u00een \u00eenv\u0103\u0163\u0103m\u00e2ntul primar \u00een anul \u015fcolar 2023 &#8211; 2024<\/strong><\/p>\n\n\n\n<p><strong>CE COPII POT FI \u00ceNSCRI\u0218I&nbsp;\u00ceN CLASA PREG\u0102TITOARE?<\/strong><\/p>\n\n\n\n<blockquote class=\"wp-block-quote is-layout-flow wp-block-quote-is-layout-flow\">\n<p><strong>\u21d2 Copiii care \u00eemplinesc v\u00e2rsta de 6 ani p\u00e2n\u0103 la 31 august 2023, inclusiv<\/strong><\/p>\n\n\n\n<p><strong>\u21d2&nbsp;Copiii care \u00eemplinesc v\u00e2rsta de 6 ani \u00een perioada 1 septembrie &#8211; 31 decembrie 2023<\/strong>&nbsp;&#8211; &nbsp;<strong><em>\u00een baza recomand\u0103rii pentru \u00eenscrierea \u00een \u00eenv\u0103\u021b\u0103m\u00e2ntul primar<\/em><\/strong>*, eliberat\u0103 de unit\u0103\u021bile de \u00eenv\u0103\u021b\u0103m\u00e2nt de&nbsp;nivel pre\u0219colar sau,<em>&nbsp;<strong>dac\u0103 nu au frecventat gr\u0103dini\u021b<\/strong><\/em><strong>a**<\/strong>, \u00een baza evalu\u0103rii Centrului Jude\u0163ean de Resurse \u015fi Asisten\u0163\u0103 Educa\u0163ional\u0103\/Centrului Municipiului Bucure\u0219ti de Resurse \u0219i Asisten\u021b\u0103 Educa\u021bional\u0103 (CJRAE\/CMBRAE), dup\u0103 caz.<\/p>\n<\/blockquote>\n\n\n\n<p><strong>*&nbsp;<em>Pentru ob\u021binerea recomand\u0103rii de&nbsp;\u00eenscriere&nbsp;\u00een \u00eenv\u0103\u021b\u0103m\u00e2ntul primar, eliberat\u0103 de unit\u0103\u021bile de \u00eenv\u0103\u021b\u0103m\u00e2nt de&nbsp;nivel pre\u0219colar<\/em><\/strong>, sunt necesare:<\/p>\n\n\n\n<p>&#8211; \u00eenregistrarea cererilor transmise\/depuse la unit\u0103\u021bile de \u00eenv\u0103\u021b\u0103m\u00e2nt de&nbsp;nivel pre\u0219colar pentru ob\u021binerea recomand\u0103rii de \u00eenscriere \u00een clasa preg\u0103titoare;<\/p>\n\n\n\n<p>&#8211; eliberarea\/transmiterea c\u0103tre p\u0103rinte de c\u0103tre unitatea de \u00eenv\u0103\u021b\u0103m\u00e2nt de&nbsp;nivel pre\u0219colar a recomand\u0103rii de \u00eenscriere \u00een clasa preg\u0103titoare sau \u00een grupa mare, dup\u0103 caz.<\/p>\n\n\n\n<p><strong>CUI SE ADRESEAZ\u0102 EVALUAREA&nbsp;<\/strong><strong>CJRAE\/CMBRAE ?<\/strong><\/p>\n\n\n\n<blockquote class=\"wp-block-quote is-layout-flow wp-block-quote-is-layout-flow\">\n<p>\u21d2&nbsp;copiilor care&nbsp;&nbsp;\u00eemplinesc v\u00e2rsta de 6 ani \u00een perioada 1 septembrie &#8211; 31 decembrie 2023 \u0219i nu au frecventat gr\u0103dini\u021ba<\/p>\n\n\n\n<p>\u21d2&nbsp;copiilor care \u00eemplinesc v\u00e2rsta de 6 ani \u00een perioada 1 septembrie &#8211; 31 decembrie 2023 \u0219i care s-au \u00eentors din str\u0103in\u0103tate.<\/p>\n<\/blockquote>\n\n\n\n<p><em><strong>** \u00cen vederea evalu\u0103rii&nbsp;copiilor&nbsp;care nu au frecventat gr\u0103dini\u021ba sau au revenit din str\u0103in\u0103tate sunt necesare:<\/strong><\/em><\/p>\n\n\n\n<p>&#8211; \u00eenregistrarea de c\u0103tre CJRAE\/CMBRAE a cererilor de evaluare, depuse\/transmise de p\u0103rin\u021bi pentru copiii care \u00eendeplinesc criteriile prev\u0103zute la art. 7 alin. (1) din Metodologia de \u00eenscriere a copiilor \u00een \u00eenv\u0103\u021b\u0103m\u00e2ntul primar, aprobat\u0103 prin Ordinul ministrului educa\u021biei nr. 3.445\/2022;<\/p>\n\n\n\n<p>&#8211; planificarea de c\u0103tre CJRAE\/CMBRAE a organiz\u0103rii evalu\u0103rii +&nbsp;afi\u0219area \u0219i comunicarea program\u0103rii pentru participarea la evaluare;<\/p>\n\n\n\n<p>&#8211; desf\u0103\u0219urarea evalu\u0103rii;<\/p>\n\n\n\n<p>&#8211; eliberarea\/transmiterea c\u0103tre p\u0103rinte de c\u0103tre CJRAE\/CMBRAE a recomand\u0103rii de \u00eenscriere \u00een clasa preg\u0103titoare sau \u00een grupa mare, dup\u0103 caz;<\/p>\n\n\n\n<p>&#8211; solu\u021bionarea de c\u0103tre Comisia jude\u021bean\u0103\/a municipiului Bucure\u0219ti de \u00eenscriere a copiilor \u00een \u00eenv\u0103\u021b\u0103m\u00e2ntul primar (Comisia jude\u021bean\u0103\/a municipiului Bucure\u0219ti) a situa\u021biilor excep\u021bionale care necesit\u0103 am\u00e2narea \u00eenscrierii \u00een \u00eenv\u0103\u021b\u0103m\u00e2ntul primar.<\/p>\n\n\n\n<p><strong>C\u00c2ND \u0218I UNDE SE REALIZEAZ\u0102&nbsp;EVALUAREA COPIILOR?<\/strong><\/p>\n\n\n\n<blockquote class=\"wp-block-quote is-layout-flow wp-block-quote-is-layout-flow\">\n<p>\u21d2&nbsp; Evaluarea copiilor de c\u0103tre CJRAE\/CMBRAE este programat\u0103 \u00een perioada&nbsp;<strong>5 &#8211; 26 aprilie 2023<\/strong><\/p>\n\n\n\n<p>\u21d2&nbsp; Evaluarea se face at\u00e2t la sediul CJRAE\/CMBRAE, c\u00e2t \u015fi \u00een diferite centre din jude\u0163\/municipiul Bucure\u015fti, cu prioritate \u00een gr\u0103dini\u0163e.<\/p>\n<\/blockquote>\n\n\n\n<p><strong>LA CE UNITATE DE \u00ceNV\u0102\u0162\u0102M\u00c2NT POATE FI \u00ceNSCRIS UN COPIL?<\/strong><\/p>\n\n\n\n<blockquote class=\"wp-block-quote is-layout-flow wp-block-quote-is-layout-flow\">\n<p>P\u0103rintele poate opta:<\/p>\n\n\n\n<p>1. pentru \u00eenscrierea la \u015fcoala de circumscrip\u0163ie:<strong>&nbsp;\u00een aceast\u0103 situa\u0163ie, copilul este automat \u00eenscris<\/strong>, \u00een baza valid\u0103rii cererii de \u00eenscriere;<\/p>\n\n\n\n<p>2. pentru o unitate de \u00eenv\u0103\u0163\u0103m\u00e2nt, alta dec\u00e2t \u015fcoala de circumscrip\u0163ie:<strong>&nbsp;\u00een aceast\u0103 situa\u0163ie, copilul este \u00eenscris \u00een limita locurilor libere \u015fi, dac\u0103 este cazul, pe baza criteriilor generale \u015fi, ulterior, a criteriilor specifice de departajare<\/strong>.<\/p>\n<\/blockquote>\n\n\n\n<p><strong>Not\u0103:<\/strong>&nbsp;P\u0103rintele poate solicita, prin bifarea \u00een cererea-tip de \u00eenscriere, ca locul la \u015fcoala de circumscrip\u0163ie s\u0103 fie rezervat pentru eventualitatea \u00een care copilul nu este \u00eenscris la unitatea de \u00eenv\u0103\u0163\u0103m\u00e2nt pentru care p\u0103rintele a f\u0103cut op\u0163iunea, din lips\u0103 de locuri libere<\/p>\n\n\n\n<p><strong>UNDE VOR AVEA LOC \u00ceNSCRIERILE?<\/strong><\/p>\n\n\n\n<blockquote class=\"wp-block-quote is-layout-flow wp-block-quote-is-layout-flow\">\n<p>La unitatea de \u00eenv\u0103\u0163\u0103m\u00e2nt la care p\u0103rintele dore\u015fte \u00eenscrierea copilului.<\/p>\n\n\n\n<p>Cererile-tip de \u00eenscriere pot fi completate \u015fi validate direct la unitatea de \u00eenv\u0103\u0163\u0103m\u00e2nt la care p\u0103rintele dore\u015fte \u00eenscrierea copilului.<\/p>\n\n\n\n<p><strong>Cererile-tip de \u00eenscriere pot fi completate \u015fi online pe&nbsp;<\/strong><a href=\"https:\/\/inscriere.edu.ro\/\" target=\"_blank\" rel=\"noreferrer noopener\"><strong>site-ul dedicat<\/strong><\/a>, dar dup\u0103 completarea acestora, p\u0103rin\u021bii trebuie s\u0103 mearg\u0103 la unitatea de \u00eenv\u0103\u0163\u0103m\u00e2nt pentru&nbsp;care doresc \u00eenscrierea copilului \u00een vederea valid\u0103rii cererii.<\/p>\n<\/blockquote>\n\n\n\n<p><strong>CARE SUNT ACTELE NECESARE PENTRU \u00ceNSCRIERE?<\/strong><\/p>\n\n\n\n<blockquote class=\"wp-block-quote is-layout-flow wp-block-quote-is-layout-flow\">\n<ul class=\"wp-block-list\">\n<li><strong>Cerere-tip de \u00eenscriere&nbsp;<\/strong>(tip) &#8211; disponibil\u0103 \u00een momentul \u00eenceperii procesului de \u00eenscriere<\/li>\n\n\n\n<li>Copie \u015fi original dup\u0103 actul de identitate al p\u0103rintelui\/tutorelui legal; p\u0103rin\u021bii divor\u021ba\u021bi depun la \u00eenscriere \u0219i hot\u0103r\u00e2rea judec\u0103toreasc\u0103 definitiv\u0103 din care rezult\u0103 modul \u00een care se exercit\u0103 autoritatea p\u0103rinteasc\u0103 \u0219i unde a fost stabilit\u0103 locuin\u021ba minorului<\/li>\n\n\n\n<li>Copie \u015fi original &#8211; certificatul de na\u015ftere al copilului<\/li>\n\n\n\n<li>Recomandarea de \u00eenscriere \u00een clasa preg\u0103titoare (acolo unde este cazul).<\/li>\n\n\n\n<li>Alte documente care s\u0103 ateste \u00eendeplinirea criteriilor generale \u015fi\/sau specifice (acolo unde este cazul).<\/li>\n<\/ul>\n<\/blockquote>\n\n\n\n<p><strong>CARE ESTE CALENDARUL DE COMPLETARE\/DEPUNERE A CERERILOR?<\/strong><\/p>\n\n\n\n<blockquote class=\"wp-block-quote is-layout-flow wp-block-quote-is-layout-flow\">\n<p><strong>\u00cen perioada 3 &#8211; 18 mai 2023<\/strong>, p\u0103rin\u021bii\/tutorii legal institui\u021bi\/reprezentan\u021bii legali&nbsp;vor completa cererile-tip de \u00eenscriere online sau la unitatea de \u00eenv\u0103\u021b\u0103m\u00e2nt la care solicit\u0103 \u00eenscrierea copiilor.<\/p>\n\n\n\n<p>De asemenea, \u00een aceea\u0219i perioad\u0103 vor fi depuse\/transmise cererile-tip de \u00eenscriere la unitatea de \u00eenv\u0103\u021b\u0103m\u00e2nt la care solicit\u0103 \u00eenscrierea copiilor, inclusiv a recomand\u0103rii de \u00eenscriere \u00een clasa preg\u0103titoare, dup\u0103 caz, respectiv a declara\u021biei pe propria r\u0103spundere \u0219i a documentelor necesare \u00een copie simpl\u0103.<\/p>\n<\/blockquote>\n\n\n\n<p><strong>C\u00c2ND \u0218I UNDE VOR FI AFI\u0218ATE LISTA ELEVILOR \u00ceNSCRI\u0218I \u0218I LISTA LOCURILOR LIBERE?<\/strong><\/p>\n\n\n\n<blockquote class=\"wp-block-quote is-layout-flow wp-block-quote-is-layout-flow\">\n<p><strong>\u21d2 31 mai (pentru prima etap\u0103 de \u00eenscriere):&nbsp;<\/strong>afi\u0219area \u00een unit\u0103\u021bile de \u00eenv\u0103\u021b\u0103m\u00e2nt \u0219i pe site-ul fiec\u0103rui inspectorat \u0219colar a candida\u021bilor \u00eenmatricula\u021bi \u0219i a num\u0103rului de locuri r\u0103mase libere<\/p>\n\n\n\n<p><strong>\u21d2 15 iunie (pentru a doua etap\u0103 de \u00eenscriere):<\/strong>&nbsp;afi\u0219area \u00een fiecare unitate de \u00eenv\u0103\u021b\u0103m\u00e2nt a listelor finale ale copiilor \u00eenscri\u0219i \u00een clasa preg\u0103titoare.<\/p>\n<\/blockquote>\n\n\n\n<p><strong>CARE SUNT CRITERIILE DE DEPARTAJARE PE CARE \u015eCOLILE LE APLIC\u0102 DAC\u0102 NUM\u0102RUL DE COPII ESTE SUPERIOR NUM\u0102RULUI DE LOCURI?<\/strong><\/p>\n\n\n\n<blockquote class=\"wp-block-quote is-layout-flow wp-block-quote-is-layout-flow\">\n<p><strong>I. Criterii generale:<\/strong><\/p>\n\n\n\n<p>a) existen\u021ba unui certificat medical de \u00eencadrare \u00een grad de handicap a copilului;<\/p>\n\n\n\n<p>b) existen\u021ba unui document care dovede\u0219te c\u0103 este orfan de ambii p\u0103rin\u021bi. Situa\u021bia copilului care provine de la o cas\u0103 de copii\/un centru de plasament\/plasament familial se asimileaz\u0103 situa\u021biei copilului orfan de ambii p\u0103rin\u021bi;<\/p>\n\n\n\n<p>c) existen\u021ba unui document care dovede\u0219te c\u0103 este orfan de un singur p\u0103rinte;<\/p>\n\n\n\n<p>d) existen\u021ba unui frate\/a unei surori \u00eenmatriculat\/\u00eenmatriculate \u00een unitatea de \u00eenv\u0103\u021b\u0103m\u00e2nt respectiv\u0103.<\/p>\n\n\n\n<p><strong>II. Criterii specifice:<\/strong><\/p>\n\n\n\n<p>\u21d2&nbsp; Sunt aplicate dup\u0103 criteriile generale \u015fi numai dac\u0103 acestea nu reu\u015fesc s\u0103 fac\u0103 departajarea \u00eentre copii, cu excep\u0163ia situa\u0163iilor prev\u0103zute de m<em>etodologia-cadru<\/em><\/p>\n\n\n\n<p>\u21d2&nbsp; Sunt elaborate de c\u0103tre fiecare unitate de \u00eenv\u0103\u0163\u0103m\u00e2nt \u00een parte, dar sunt aplicate pe baza unor documente doveditoare, prezentate de c\u0103tre p\u0103rin\u0163i\/tutori legali \u015fi nu pot fi discriminatorii, respectiv trebuie s\u0103 \u0163in\u0103 cont de faptul c\u0103 to\u0163i copiii au drepturi egale, indiferent de condi\u0163ia social\u0103, financiar\u0103, indiferent de na\u0163ionalitate, ras\u0103, religie, confesiune, sex etc.<\/p>\n<\/blockquote>\n\n\n\n<p><strong>DE UNDE \u00ce\u015eI POT PROCURA P\u0102RIN\u0162II INFORMA\u0162II?<\/strong><\/p>\n\n\n\n<blockquote class=\"wp-block-quote is-layout-flow wp-block-quote-is-layout-flow\">\n<ol class=\"wp-block-list\">\n<li><strong>Internet:<\/strong>&nbsp;inspectoratele \u015fcolare generale vor afi\u0219a, pe prima pagin\u0103 a site-urilor proprii, o sec\u0163iune numit\u0103&nbsp;<strong>\u00censcrierea \u00een \u00eenv\u0103\u0163\u0103m\u00e2ntul primar 2023<\/strong><\/li>\n\n\n\n<li><strong>Direct de la \u015fcoli<\/strong><\/li>\n\n\n\n<li>Prin intermediul liniei telverde (la nivelul inspectoratului \u0219colar).&nbsp;<\/li>\n<\/ol>\n<\/blockquote>\n\n\n\n<p><strong>EXIST\u0102 SUFICIENTE LOCURI PENTRU COPII \u00ceN CLASA PREG\u0102TITOARE?<\/strong><\/p>\n\n\n\n<blockquote class=\"wp-block-quote is-layout-flow wp-block-quote-is-layout-flow\">\n<p>Da, fiecare copil are un loc asigurat. Num\u0103rul de locuri alocat prin cifra de \u015fcolarizare pentru clasa preg\u0103titoare este mai mare dec\u00e2t num\u0103rul copiilor.<\/p>\n<\/blockquote>\n\n\n\n<p><strong>CUM FUNC\u0162IONEAZ\u0102 \u00ceNSCRIEREA \u00ceN \u00ceNV\u0102\u0162\u0102M\u00c2NTUL PRIMAR PRIVAT?<\/strong><\/p>\n\n\n\n<blockquote class=\"wp-block-quote is-layout-flow wp-block-quote-is-layout-flow\">\n<p><strong>\u00censcrierea se face \u00een prima etap\u0103.<\/strong><\/p>\n\n\n\n<p>\u00censcrierea se face direct la unitatea de \u00eenv\u0103\u0163\u0103m\u00e2nt sau prin formularul online, dac\u0103 unitatea de \u00eenv\u0103\u0163\u0103m\u00e2nt autorizat\u0103\/acreditat\u0103 \u015fi-a introdus toate datele \u00een aplica\u0163ia informatic\u0103 pentru \u00eenscrierea \u00een clasa preg\u0103titoare, la fel ca unit\u0103\u0163ile de \u00eenv\u0103\u0163\u0103m\u00e2nt de stat. Dac\u0103 nu, \u00eenscrierea se face doar la unitatea de \u00eenv\u0103\u0163\u0103m\u00e2nt. \u00cen cazul \u00eenscrierii online, validarea \u00eenscrierii se face la sediul unit\u0103\u0163ii de \u00eenv\u0103\u0163\u0103m\u00e2nt dorite.<\/p>\n\n\n\n<p>\u00cen cazul \u00een care, din diferite motive, copilul nu este \u00eenmatriculat la unitatea de \u00eenv\u0103\u021b\u0103m\u00e2nt particular solicitat\u0103, acesta poate fi \u00eenscris la \u0219coala de circumscrip\u021bie, dac\u0103 p\u0103rintele\/ tutorele legal instituit\/ \u00eemputernicitul legal a bifat op\u021biunea de \u00eentoarcere la \u0219coala de circumscrip\u021bie sau, \u00een caz contrar, particip\u0103 la a doua etap\u0103 de \u00eenscriere.<\/p>\n<\/blockquote>\n\n\n\n<p><strong>CE ESTE IMPORTANT DE \u0218TIUT DESPRE CEREREA DE \u00ceNSCRIERE ONLINE?<\/strong><\/p>\n\n\n\n<blockquote class=\"wp-block-quote is-layout-flow wp-block-quote-is-layout-flow\">\n<p><strong>Aten\u021bie!<\/strong>&nbsp;Completarea cererii de \u00eenscriere online nu garanteaz\u0103 \u00eenscrierea copilului dumneavoastr\u0103 \u00een unitatea de \u00eenv\u0103\u021b\u0103m\u00e2nt \u0219i nu elimin\u0103 obligativitatea de a v\u0103 prezenta la unitatea de \u00eenv\u0103\u0163\u0103m\u00e2nt unde dori\u0163i \u00eenscrierea cu dosarul complet al copilului, \u00een vederea valid\u0103rii.<\/p>\n<\/blockquote>\n","protected":false},"excerpt":{"rendered":"<p>Reg\u0103si\u021bi mai jos, sub forma \u00eentrebare &#8211; r\u0103spuns, sinteza principalelor elemente cuprinse \u00een calendarul \u0219i metodologia-cadru pentru \u00eenscrierea copiilor \u00een \u00eenv\u0103\u0163\u0103m\u00e2ntul primar \u00een anul \u015fcolar 2023 &#8211; 2024 CE COPII POT FI \u00ceNSCRI\u0218I&nbsp;\u00ceN CLASA PREG\u0102TITOARE? \u21d2 Copiii care \u00eemplinesc v\u00e2rsta de 6 ani p\u00e2n\u0103 la 31 august 2023, inclusiv \u21d2&nbsp;Copiii care \u00eemplinesc v\u00e2rsta de 6&hellip;&nbsp;<a href=\"https:\/\/scoalamartisor.ro\/?page_id=512\" class=\"\" rel=\"bookmark\">Cite\u0219te mai mult &raquo;<span class=\"screen-reader-text\">\u00centreb\u0103ri Frecvente \u0219i R\u0103spunsuri<\/span><\/a><\/p>\n","protected":false},"author":3,"featured_media":0,"parent":0,"menu_order":0,"comment_status":"closed","ping_status":"closed","template":"","meta":{"neve_meta_sidebar":"","neve_meta_container":"","neve_meta_enable_content_width":"","neve_meta_content_width":0,"neve_meta_title_alignment":"","neve_meta_author_avatar":"","neve_post_elements_order":"","neve_meta_disable_header":"","neve_meta_disable_footer":"","neve_meta_disable_title":"on","footnotes":""},"class_list":["post-512","page","type-page","status-publish","hentry"],"_links":{"self":[{"href":"https:\/\/scoalamartisor.ro\/index.php?rest_route=\/wp\/v2\/pages\/512","targetHints":{"allow":["GET"]}}],"collection":[{"href":"https:\/\/scoalamartisor.ro\/index.php?rest_route=\/wp\/v2\/pages"}],"about":[{"href":"https:\/\/scoalamartisor.ro\/index.php?rest_route=\/wp\/v2\/types\/page"}],"author":[{"embeddable":true,"href":"https:\/\/scoalamartisor.ro\/index.php?rest_route=\/wp\/v2\/users\/3"}],"replies":[{"embeddable":true,"href":"https:\/\/scoalamartisor.ro\/index.php?rest_route=%2Fwp%2Fv2%2Fcomments&post=512"}],"version-history":[{"count":3,"href":"https:\/\/scoalamartisor.ro\/index.php?rest_route=\/wp\/v2\/pages\/512\/revisions"}],"predecessor-version":[{"id":517,"href":"https:\/\/scoalamartisor.ro\/index.php?rest_route=\/wp\/v2\/pages\/512\/revisions\/517"}],"wp:attachment":[{"href":"https:\/\/scoalamartisor.ro\/index.php?rest_route=%2Fwp%2Fv2%2Fmedia&parent=512"}],"curies":[{"name":"wp","href":"https:\/\/api.w.org\/{rel}","templated":true}]}}