{"id":1267,"date":"2026-05-14T14:22:00","date_gmt":"2026-05-14T14:22:00","guid":{"rendered":"https:\/\/scoalamartisor.ro\/?page_id=1267"},"modified":"2026-05-14T14:32:40","modified_gmt":"2026-05-14T14:32:40","slug":"invatamant-prescolar","status":"publish","type":"page","link":"https:\/\/scoalamartisor.ro\/?page_id=1267","title":{"rendered":"Structura Gr\u0103dini\u021ba &#8222;M\u0103r\u021bi\u0219or&#8221;"},"content":{"rendered":"\n<p><\/p>\n\n\n\n<div data-wp-interactive=\"core\/file\" class=\"wp-block-file aligncenter\"><object data-wp-bind--hidden=\"!state.hasPdfPreview\" hidden class=\"wp-block-file__embed\" data=\"https:\/\/scoalamartisor.ro\/wp-content\/uploads\/2026\/05\/Anunt-inscriere-an-scolar-2026-2027.pdf\" type=\"application\/pdf\" style=\"width:100%;height:600px\" aria-label=\"\u00cenglobare pentru Anun\u021b \u00eenscriere an \u0219colar 2026-2027.\"><\/object><a id=\"wp-block-file--media-8de3b0e2-fdca-4789-8957-176cda49d590\" href=\"https:\/\/scoalamartisor.ro\/wp-content\/uploads\/2026\/05\/Anunt-inscriere-an-scolar-2026-2027.pdf\">Anun\u021b \u00eenscriere an \u0219colar 2026-2027<\/a><a href=\"https:\/\/scoalamartisor.ro\/wp-content\/uploads\/2026\/05\/Anunt-inscriere-an-scolar-2026-2027.pdf\" class=\"wp-block-file__button wp-element-button\" download aria-describedby=\"wp-block-file--media-8de3b0e2-fdca-4789-8957-176cda49d590\">Download<\/a><\/div>\n\n\n\n<p><\/p>\n\n\n\n<div data-wp-interactive=\"core\/file\" class=\"wp-block-file aligncenter\"><object data-wp-bind--hidden=\"!state.hasPdfPreview\" hidden class=\"wp-block-file__embed\" data=\"https:\/\/scoalamartisor.ro\/wp-content\/uploads\/2026\/05\/pp-inscrierea-in-educatia-timpurie-2026-2027_varianta_13_05.pdf\" type=\"application\/pdf\" style=\"width:100%;height:669px\" aria-label=\"\u00cenglobare pentru \u00censcrierea \u00een educa\u021bia timpurie 2026-2027.\"><\/object><a id=\"wp-block-file--media-1cb19e40-6529-476a-b23b-db2e78361b9b\" href=\"https:\/\/scoalamartisor.ro\/wp-content\/uploads\/2026\/05\/pp-inscrierea-in-educatia-timpurie-2026-2027_varianta_13_05.pdf\">\u00censcrierea \u00een educa\u021bia timpurie 2026-2027<\/a><a href=\"https:\/\/scoalamartisor.ro\/wp-content\/uploads\/2026\/05\/pp-inscrierea-in-educatia-timpurie-2026-2027_varianta_13_05.pdf\" class=\"wp-block-file__button wp-element-button\" download aria-describedby=\"wp-block-file--media-1cb19e40-6529-476a-b23b-db2e78361b9b\">Download<\/a><\/div>\n\n\n\n<p><\/p>\n\n\n\n<div data-wp-interactive=\"core\/file\" class=\"wp-block-file aligncenter\"><object data-wp-bind--hidden=\"!state.hasPdfPreview\" hidden class=\"wp-block-file__embed\" data=\"https:\/\/scoalamartisor.ro\/wp-content\/uploads\/2026\/05\/Ordin-inscriere-prescolar.pdf\" type=\"application\/pdf\" style=\"width:100%;height:600px\" aria-label=\"\u00cenglobare pentru Ordin \u00eenscriere pre\u0219colar.\"><\/object><a id=\"wp-block-file--media-46d73a58-2ae1-4857-9936-b1eee7a80d6d\" href=\"https:\/\/scoalamartisor.ro\/wp-content\/uploads\/2026\/05\/Ordin-inscriere-prescolar.pdf\">Ordin \u00eenscriere pre\u0219colar<\/a><a href=\"https:\/\/scoalamartisor.ro\/wp-content\/uploads\/2026\/05\/Ordin-inscriere-prescolar.pdf\" class=\"wp-block-file__button wp-element-button\" download aria-describedby=\"wp-block-file--media-46d73a58-2ae1-4857-9936-b1eee7a80d6d\">Download<\/a><\/div>\n\n\n\n<p><\/p>\n","protected":false},"excerpt":{"rendered":"","protected":false},"author":3,"featured_media":0,"parent":0,"menu_order":0,"comment_status":"closed","ping_status":"closed","template":"","meta":{"neve_meta_sidebar":"","neve_meta_container":"","neve_meta_enable_content_width":"","neve_meta_content_width":0,"neve_meta_title_alignment":"","neve_meta_author_avatar":"","neve_post_elements_order":"","neve_meta_disable_header":"","neve_meta_disable_footer":"","neve_meta_disable_title":"","footnotes":""},"class_list":["post-1267","page","type-page","status-publish","hentry"],"_links":{"self":[{"href":"https:\/\/scoalamartisor.ro\/index.php?rest_route=\/wp\/v2\/pages\/1267","targetHints":{"allow":["GET"]}}],"collection":[{"href":"https:\/\/scoalamartisor.ro\/index.php?rest_route=\/wp\/v2\/pages"}],"about":[{"href":"https:\/\/scoalamartisor.ro\/index.php?rest_route=\/wp\/v2\/types\/page"}],"author":[{"embeddable":true,"href":"https:\/\/scoalamartisor.ro\/index.php?rest_route=\/wp\/v2\/users\/3"}],"replies":[{"embeddable":true,"href":"https:\/\/scoalamartisor.ro\/index.php?rest_route=%2Fwp%2Fv2%2Fcomments&post=1267"}],"version-history":[{"count":4,"href":"https:\/\/scoalamartisor.ro\/index.php?rest_route=\/wp\/v2\/pages\/1267\/revisions"}],"predecessor-version":[{"id":1278,"href":"https:\/\/scoalamartisor.ro\/index.php?rest_route=\/wp\/v2\/pages\/1267\/revisions\/1278"}],"wp:attachment":[{"href":"https:\/\/scoalamartisor.ro\/index.php?rest_route=%2Fwp%2Fv2%2Fmedia&parent=1267"}],"curies":[{"name":"wp","href":"https:\/\/api.w.org\/{rel}","templated":true}]}}