{"id":1205,"date":"2026-03-10T17:33:39","date_gmt":"2026-03-10T17:33:39","guid":{"rendered":"https:\/\/scoalamartisor.ro\/?page_id=1205"},"modified":"2026-03-16T18:06:47","modified_gmt":"2026-03-16T18:06:47","slug":"inscrierea-copiilor-in-clasa-pregatitoare-anul-scolar-2026-2027","status":"publish","type":"page","link":"https:\/\/scoalamartisor.ro\/?page_id=1205","title":{"rendered":"\u00censcrierea copiilor \u00een Clasa preg\u0103titoare, anul \u0219colar 2026-2027"},"content":{"rendered":"\n<p><\/p>\n\n\n\n<h2 class=\"wp-block-heading has-text-align-center\">\u00censcrierea \u00een clasa preg\u0103titoare, 2026-2027<\/h2>\n\n\n\n<p><\/p>\n\n\n\n<div class=\"wp-block-file aligncenter\"><a id=\"wp-block-file--media-7628be72-c5c7-4dfa-bc6d-bad7b42707ee\" href=\"https:\/\/scoalamartisor.ro\/wp-content\/uploads\/2026\/03\/1_Calendarul_inscrierii_invatamantul_primar_2026_2027.pdf\">1. Calendarul \u00eenscrierii \u00een \u00eenv\u0103\u021b\u0103m\u00e2ntul primar 2026-2027<\/a><a href=\"https:\/\/scoalamartisor.ro\/wp-content\/uploads\/2026\/03\/1_Calendarul_inscrierii_invatamantul_primar_2026_2027.pdf\" class=\"wp-block-file__button wp-element-button\" download aria-describedby=\"wp-block-file--media-7628be72-c5c7-4dfa-bc6d-bad7b42707ee\">Download<\/a><\/div>\n\n\n\n<div class=\"wp-block-file aligncenter\"><a id=\"wp-block-file--media-5c9e7974-7611-48ae-8ca0-a652da0c2a68\" href=\"https:\/\/scoalamartisor.ro\/wp-content\/uploads\/2026\/03\/2_Structura-Scoala-Gimnaziala-Ienachita-Vacarescu-oferta-educationala-2026-2027.pdf\">2. Structura \u0218coala Gimnazial\u0103 Ien\u0103chi\u021b\u0103 V\u0103c\u0103rescu oferta educa\u021bional\u0103 2026-2027<\/a><a href=\"https:\/\/scoalamartisor.ro\/wp-content\/uploads\/2026\/03\/2_Structura-Scoala-Gimnaziala-Ienachita-Vacarescu-oferta-educationala-2026-2027.pdf\" class=\"wp-block-file__button wp-element-button\" download aria-describedby=\"wp-block-file--media-5c9e7974-7611-48ae-8ca0-a652da0c2a68\">Download<\/a><\/div>\n\n\n\n<div class=\"wp-block-file aligncenter\"><a id=\"wp-block-file--media-4ba2945f-b2af-4024-9274-dfd65ee2133a\" href=\"https:\/\/scoalamartisor.ro\/wp-content\/uploads\/2026\/03\/3_Structura-Scoala-Ienachita-Vacarescu-Ziua-Portilor-deschise.jpeg\">3. Structura \u0218coala Ien\u0103chi\u021b\u0103 V\u0103c\u0103rescu Ziua Por\u021bilor Deschise<\/a><a href=\"https:\/\/scoalamartisor.ro\/wp-content\/uploads\/2026\/03\/3_Structura-Scoala-Ienachita-Vacarescu-Ziua-Portilor-deschise.jpeg\" class=\"wp-block-file__button wp-element-button\" download aria-describedby=\"wp-block-file--media-4ba2945f-b2af-4024-9274-dfd65ee2133a\">Download<\/a><\/div>\n\n\n\n<div class=\"wp-block-file aligncenter\"><a id=\"wp-block-file--media-7af71d6a-b53f-4712-9aee-3923927556d6\" href=\"https:\/\/scoalamartisor.ro\/wp-content\/uploads\/2026\/03\/4_Structura-Scoala-Gimnaziala-Ienachita-Vacarescu-circumscriptia-scolara.pdf\">4. Structura \u0218coala Gimnazial\u0103 Ien\u0103chi\u021b\u0103 V\u0103c\u0103rescu circumscrip\u021bia \u0219colar\u0103<\/a><a href=\"https:\/\/scoalamartisor.ro\/wp-content\/uploads\/2026\/03\/4_Structura-Scoala-Gimnaziala-Ienachita-Vacarescu-circumscriptia-scolara.pdf\" class=\"wp-block-file__button wp-element-button\" download aria-describedby=\"wp-block-file--media-7af71d6a-b53f-4712-9aee-3923927556d6\">Download<\/a><\/div>\n\n\n\n<div class=\"wp-block-file aligncenter\"><a id=\"wp-block-file--media-da91e40e-aa31-4857-ae0c-cc6be0550eff\" href=\"https:\/\/scoalamartisor.ro\/wp-content\/uploads\/2026\/03\/5_Structura-Scoala-Gimnaziala-Ienachita-Vacarescu-plan-scolarizare-2026-2027.pdf\">5. Structura \u0218coala Gimnazial\u0103 Ien\u0103chi\u021b\u0103 V\u0103c\u0103rescu plan \u0219colarizare 2026-2027<\/a><a href=\"https:\/\/scoalamartisor.ro\/wp-content\/uploads\/2026\/03\/5_Structura-Scoala-Gimnaziala-Ienachita-Vacarescu-plan-scolarizare-2026-2027.pdf\" class=\"wp-block-file__button wp-element-button\" download aria-describedby=\"wp-block-file--media-da91e40e-aa31-4857-ae0c-cc6be0550eff\">Download<\/a><\/div>\n\n\n\n<div class=\"wp-block-file aligncenter\"><a id=\"wp-block-file--media-2541b409-c94a-49c2-9bb4-c7077436458a\" href=\"https:\/\/scoalamartisor.ro\/wp-content\/uploads\/2026\/03\/6_Structura-Scoala-Gimnaziala-Ienachita-Vacarescu-criterii-specifice-invatamant-traditional-2026-2027-1.pdf\">6. Structura \u0218coala Gimnazial\u0103 Ien\u0103chi\u021b\u0103 V\u0103c\u0103rescu criterii specifice \u00eenv\u0103\u021b\u0103m\u00e2nt tradi\u021bional 2026-2027<\/a><a href=\"https:\/\/scoalamartisor.ro\/wp-content\/uploads\/2026\/03\/6_Structura-Scoala-Gimnaziala-Ienachita-Vacarescu-criterii-specifice-invatamant-traditional-2026-2027-1.pdf\" class=\"wp-block-file__button wp-element-button\" download aria-describedby=\"wp-block-file--media-2541b409-c94a-49c2-9bb4-c7077436458a\">Download<\/a><\/div>\n\n\n\n<div class=\"wp-block-file aligncenter\"><a id=\"wp-block-file--media-b0bfa1fd-1c67-42e9-a367-5f5a7d23dec8\" href=\"https:\/\/scoalamartisor.ro\/wp-content\/uploads\/2026\/03\/7_Structura-Scoala-Gimnaziala-Ienachita-Vacarescu-criterii-specifice-Step-by-Step-1.pdf\">7. Structura \u0218coala Gimnazial\u0103 Ien\u0103chi\u021b\u0103 V\u0103c\u0103rescu criterii specifice Step by Step<\/a><a href=\"https:\/\/scoalamartisor.ro\/wp-content\/uploads\/2026\/03\/7_Structura-Scoala-Gimnaziala-Ienachita-Vacarescu-criterii-specifice-Step-by-Step-1.pdf\" class=\"wp-block-file__button wp-element-button\" download aria-describedby=\"wp-block-file--media-b0bfa1fd-1c67-42e9-a367-5f5a7d23dec8\">Download<\/a><\/div>\n\n\n\n<div class=\"wp-block-file aligncenter\"><a id=\"wp-block-file--media-3ec35eaf-79f3-40af-a84c-147f741aa0d8\" href=\"https:\/\/scoalamartisor.ro\/wp-content\/uploads\/2026\/03\/8_Scoala-Gimnaziala-Martisor-pliant-clasa-pregatitoare-2026-2027.pdf\">8. \u0218coala Gimnazial\u0103 M\u0103r\u021bi\u0219or pliant clasa preg\u0103titoare 2026-2027<\/a><a href=\"https:\/\/scoalamartisor.ro\/wp-content\/uploads\/2026\/03\/8_Scoala-Gimnaziala-Martisor-pliant-clasa-pregatitoare-2026-2027.pdf\" class=\"wp-block-file__button wp-element-button\" download aria-describedby=\"wp-block-file--media-3ec35eaf-79f3-40af-a84c-147f741aa0d8\">Download<\/a><\/div>\n\n\n\n<div class=\"wp-block-file aligncenter\"><a id=\"wp-block-file--media-5c81121c-c03a-4509-a891-e3532eed66e0\" href=\"https:\/\/scoalamartisor.ro\/wp-content\/uploads\/2026\/03\/9_Scoala-Martisor-Ziua-Portilor-deschise.jpeg\">9. Scoala M\u0103r\u021bi\u0219or Ziua Por\u021bilor Deschise<\/a><a href=\"https:\/\/scoalamartisor.ro\/wp-content\/uploads\/2026\/03\/9_Scoala-Martisor-Ziua-Portilor-deschise.jpeg\" class=\"wp-block-file__button wp-element-button\" download aria-describedby=\"wp-block-file--media-5c81121c-c03a-4509-a891-e3532eed66e0\">Download<\/a><\/div>\n\n\n\n<div class=\"wp-block-file aligncenter\"><a id=\"wp-block-file--media-88ac1080-b331-4450-83fd-ad413ba9e31d\" href=\"https:\/\/scoalamartisor.ro\/wp-content\/uploads\/2026\/03\/10_Scoala-Gimnaziala-Martisor-circumscriptia-scolara.pdf\">10. \u0218coala Gimnazial\u0103 M\u0103r\u021bi\u0219or circumscrip\u021bia \u0219colar\u0103<\/a><a href=\"https:\/\/scoalamartisor.ro\/wp-content\/uploads\/2026\/03\/10_Scoala-Gimnaziala-Martisor-circumscriptia-scolara.pdf\" class=\"wp-block-file__button wp-element-button\" download aria-describedby=\"wp-block-file--media-88ac1080-b331-4450-83fd-ad413ba9e31d\">Download<\/a><\/div>\n\n\n\n<div class=\"wp-block-file aligncenter\"><a id=\"wp-block-file--media-90e4b177-06fe-47ae-a2ac-27ea45ba1359\" href=\"https:\/\/scoalamartisor.ro\/wp-content\/uploads\/2026\/03\/11_Scoala-Gimnaziala-Martisor-plan-scolarizare-2026-2027.pdf\">11. \u0218coala Gimnazial\u0103 M\u0103r\u021bi\u0219or plan \u0219colarizare 2026-2027<\/a><a href=\"https:\/\/scoalamartisor.ro\/wp-content\/uploads\/2026\/03\/11_Scoala-Gimnaziala-Martisor-plan-scolarizare-2026-2027.pdf\" class=\"wp-block-file__button wp-element-button\" download aria-describedby=\"wp-block-file--media-90e4b177-06fe-47ae-a2ac-27ea45ba1359\">Download<\/a><\/div>\n\n\n\n<div class=\"wp-block-file aligncenter\"><a id=\"wp-block-file--media-8b1aaad8-5847-41fc-be8a-b4270220efa7\" href=\"https:\/\/scoalamartisor.ro\/wp-content\/uploads\/2026\/03\/12_Scoala-Gimnaziala-Martisor-criterii-specifice-invatamant-traditional-2026-2027_redacted-1.pdf\">12. \u0218coala Gimnazial\u0103 M\u0103r\u021bi\u0219or criterii specifice \u00eenv\u0103\u021b\u0103m\u00e2nt tradi\u021bional 2026-2027<\/a><a href=\"https:\/\/scoalamartisor.ro\/wp-content\/uploads\/2026\/03\/12_Scoala-Gimnaziala-Martisor-criterii-specifice-invatamant-traditional-2026-2027_redacted-1.pdf\" class=\"wp-block-file__button wp-element-button\" download aria-describedby=\"wp-block-file--media-8b1aaad8-5847-41fc-be8a-b4270220efa7\">Download<\/a><\/div>\n","protected":false},"excerpt":{"rendered":"<p>\u00censcrierea \u00een clasa preg\u0103titoare, 2026-2027<\/p>\n","protected":false},"author":3,"featured_media":0,"parent":0,"menu_order":0,"comment_status":"closed","ping_status":"closed","template":"","meta":{"neve_meta_sidebar":"","neve_meta_container":"","neve_meta_enable_content_width":"","neve_meta_content_width":0,"neve_meta_title_alignment":"","neve_meta_author_avatar":"","neve_post_elements_order":"","neve_meta_disable_header":"","neve_meta_disable_footer":"","neve_meta_disable_title":"","footnotes":""},"class_list":["post-1205","page","type-page","status-publish","hentry"],"_links":{"self":[{"href":"https:\/\/scoalamartisor.ro\/index.php?rest_route=\/wp\/v2\/pages\/1205","targetHints":{"allow":["GET"]}}],"collection":[{"href":"https:\/\/scoalamartisor.ro\/index.php?rest_route=\/wp\/v2\/pages"}],"about":[{"href":"https:\/\/scoalamartisor.ro\/index.php?rest_route=\/wp\/v2\/types\/page"}],"author":[{"embeddable":true,"href":"https:\/\/scoalamartisor.ro\/index.php?rest_route=\/wp\/v2\/users\/3"}],"replies":[{"embeddable":true,"href":"https:\/\/scoalamartisor.ro\/index.php?rest_route=%2Fwp%2Fv2%2Fcomments&post=1205"}],"version-history":[{"count":7,"href":"https:\/\/scoalamartisor.ro\/index.php?rest_route=\/wp\/v2\/pages\/1205\/revisions"}],"predecessor-version":[{"id":1253,"href":"https:\/\/scoalamartisor.ro\/index.php?rest_route=\/wp\/v2\/pages\/1205\/revisions\/1253"}],"wp:attachment":[{"href":"https:\/\/scoalamartisor.ro\/index.php?rest_route=%2Fwp%2Fv2%2Fmedia&parent=1205"}],"curies":[{"name":"wp","href":"https:\/\/api.w.org\/{rel}","templated":true}]}}