{"id":1041,"date":"2025-03-11T11:33:19","date_gmt":"2025-03-11T11:33:19","guid":{"rendered":"https:\/\/scoalamartisor.ro\/?page_id=1041"},"modified":"2026-03-16T18:10:18","modified_gmt":"2026-03-16T18:10:18","slug":"inscrierea-copiilor-in-clasa-pregatitoare-anul-scolar-2025-2026","status":"publish","type":"page","link":"https:\/\/scoalamartisor.ro\/?page_id=1041","title":{"rendered":"\u00censcrierea copiilor \u00een Clasa preg\u0103titoare, anul \u0219colar 2025-2026"},"content":{"rendered":"\n<p><\/p>\n\n\n\n<h1 class=\"wp-block-heading alignfull has-text-align-center\">\u00censcrierea \u00een clasa preg\u0103titoare, 2025-2026<\/h1>\n\n\n\n<p><\/p>\n\n\n\n<p class=\"has-text-align-center\"><strong>Mai jos g\u0103si\u021bi calendarul complet pentru \u00eenscrierea \u00een clasa preg\u0103titoare &#8211; 2025\/2026<\/strong><\/p>\n\n\n\n<p class=\"has-text-align-center\"><strong><mark style=\"background-color:rgba(0, 0, 0, 0)\" class=\"has-inline-color has-neve-link-color-color\">ZIUA POR\u021aILOR DESCHISE: 1 APRILIE \u00ceNTRE ORELE: 09:00 &#8211; 11:00<\/mark><\/strong><\/p>\n\n\n<div class=\"wp-block-image\">\n<figure class=\"aligncenter size-large\"><img loading=\"lazy\" decoding=\"async\" width=\"1024\" height=\"602\" src=\"https:\/\/scoalamartisor.ro\/wp-content\/uploads\/2025\/03\/ziua-1024x602.jpg\" alt=\"\" class=\"wp-image-1103\" srcset=\"https:\/\/scoalamartisor.ro\/wp-content\/uploads\/2025\/03\/ziua-1024x602.jpg 1024w, https:\/\/scoalamartisor.ro\/wp-content\/uploads\/2025\/03\/ziua-300x176.jpg 300w, https:\/\/scoalamartisor.ro\/wp-content\/uploads\/2025\/03\/ziua-768x452.jpg 768w, https:\/\/scoalamartisor.ro\/wp-content\/uploads\/2025\/03\/ziua.jpg 1224w\" sizes=\"auto, (max-width: 1024px) 100vw, 1024px\" \/><\/figure>\n<\/div>\n\n\n<p><\/p>\n\n\n\n<p class=\"has-text-align-center\"><strong>CALENDARUL \u00ceNSCRIERII LA CLASA PREG\u0102TITOARE ESTE \u00ceN PERIOADA:<\/strong><\/p>\n\n\n\n<p class=\"has-text-align-center\">28.03.2025 &#8211; 06.05.2025<\/p>\n\n\n\n<p class=\"has-text-align-center\"><strong>Cu excep\u021bia zilelor libere:<\/strong>&nbsp;18.04.2025 \u2013 22.04.2025&nbsp;<strong>\u0219i<\/strong>&nbsp;01.05.2025 \u2013 02.05.2025<\/p>\n\n\n\n<p class=\"has-text-align-center\"><strong>PROGRAMUL: <\/strong><\/p>\n\n\n\n<p class=\"has-text-align-center\">LUNI &#8211; JOI \u00ceNTRE ORELE: 08:00 &#8211; 18:00<\/p>\n\n\n\n<p class=\"has-text-align-center\">VINERI: 8:00 &#8211; 17:00<\/p>\n\n\n\n<p><\/p>\n\n\n\n<p class=\"has-text-align-center\">Au fost afi\u0219ate pe site-ul&nbsp;<a href=\"http:\/\/ismb.edu.ro\/index.php\/inscriere-invatamantul-primar-2013\/2093-inscrierea-in-invatamantul-primar-2024\" target=\"_blank\" rel=\"noreferrer noopener\"><strong>ismb.edu.ro<\/strong><\/a> \u2013 \u00censcrierea \u00een \u00eenv\u0103\u021b\u0103m\u00e2ntul primar 2025<\/p>\n\n\n\n<div class=\"wp-block-file aligncenter\"><a id=\"wp-block-file--media-5eb29a20-7b16-4ac1-9fb0-e2485f6286f0\" href=\"https:\/\/scoalamartisor.ro\/wp-content\/uploads\/2025\/03\/OME_nr_4019_15_03_2024_Metodologie_inscriere_inv_primar_24_25.pdf\">OME nr. 4019\/15.03.2024 &#8211; Metodologie \u00eenscriere \u00eenv. primar 2024-2025 \u00een curs de actualizare<\/a><a href=\"https:\/\/scoalamartisor.ro\/wp-content\/uploads\/2025\/03\/OME_nr_4019_15_03_2024_Metodologie_inscriere_inv_primar_24_25.pdf\" class=\"wp-block-file__button wp-element-button\" download aria-describedby=\"wp-block-file--media-5eb29a20-7b16-4ac1-9fb0-e2485f6286f0\">Download<\/a><\/div>\n\n\n\n<p><\/p>\n\n\n\n<div class=\"wp-block-file aligncenter\"><a id=\"wp-block-file--media-e61cbca3-7846-4afa-8553-eac1c2e1da3b\" href=\"https:\/\/scoalamartisor.ro\/wp-content\/uploads\/2025\/03\/OMEC_3435_INSCRIERE_INV_PRIMAR.pdf\">OMEC 3435 &#8211; \u00censcriere \u00eenv. primar<\/a><a href=\"https:\/\/scoalamartisor.ro\/wp-content\/uploads\/2025\/03\/OMEC_3435_INSCRIERE_INV_PRIMAR.pdf\" class=\"wp-block-file__button wp-element-button\" download aria-describedby=\"wp-block-file--media-e61cbca3-7846-4afa-8553-eac1c2e1da3b\">Download<\/a><\/div>\n\n\n\n<p><\/p>\n\n\n\n<div class=\"wp-block-file aligncenter\"><a id=\"wp-block-file--media-21021c41-7180-4e93-b789-9ef8bd7c5a3a\" href=\"https:\/\/scoalamartisor.ro\/wp-content\/uploads\/2025\/03\/Numarul-de-clase-si-de-locuri-aprobate-la-casa-pregatitoare-prin-planul-de-scolarizare.pdf\">Num\u0103rul de clase \u0219i de locuri aprobate la clasa preg\u0103titoare \u0219i str\u0103zile\/adresele incluse \u00een circumscrip\u021bia \u0219colar\u0103<\/a><a href=\"https:\/\/scoalamartisor.ro\/wp-content\/uploads\/2025\/03\/Numarul-de-clase-si-de-locuri-aprobate-la-casa-pregatitoare-prin-planul-de-scolarizare.pdf\" class=\"wp-block-file__button wp-element-button\" download aria-describedby=\"wp-block-file--media-21021c41-7180-4e93-b789-9ef8bd7c5a3a\">Download<\/a><\/div>\n\n\n\n<p><\/p>\n\n\n\n<div class=\"wp-block-file aligncenter\"><a id=\"wp-block-file--media-dbc969c8-9947-49a0-8f0a-44e004a96a82\" href=\"https:\/\/scoalamartisor.ro\/wp-content\/uploads\/2025\/03\/Criteriile-generale-privind-inscrierea-in-invatamantul-primar.pdf\">Criteriile generale privind \u00eenscrierea \u00een \u00eenv\u0103\u021b\u0103m\u00e2ntul primar<\/a><a href=\"https:\/\/scoalamartisor.ro\/wp-content\/uploads\/2025\/03\/Criteriile-generale-privind-inscrierea-in-invatamantul-primar.pdf\" class=\"wp-block-file__button wp-element-button\" download aria-describedby=\"wp-block-file--media-dbc969c8-9947-49a0-8f0a-44e004a96a82\">Download<\/a><\/div>\n\n\n\n<p><\/p>\n\n\n\n<div class=\"wp-block-file aligncenter\"><a id=\"wp-block-file--media-15dbe471-6dde-4d8c-b6f9-24a3a1437d9c\" href=\"https:\/\/scoalamartisor.ro\/wp-content\/uploads\/2025\/03\/Criterii-specifice-de-departajare.pdf\">Criterii specifice de departajare<\/a><a href=\"https:\/\/scoalamartisor.ro\/wp-content\/uploads\/2025\/03\/Criterii-specifice-de-departajare.pdf\" class=\"wp-block-file__button wp-element-button\" download aria-describedby=\"wp-block-file--media-15dbe471-6dde-4d8c-b6f9-24a3a1437d9c\">Download<\/a><\/div>\n\n\n\n<p><\/p>\n\n\n\n<div class=\"wp-block-file aligncenter\"><a id=\"wp-block-file--media-62480d27-0f1a-4e66-902d-647e86849b26\" href=\"https:\/\/scoalamartisor.ro\/wp-content\/uploads\/2025\/03\/CERERE_TIP_CLSPRG_ETAPA_I_2025-1.pdf\">Cerere tip clasa preg\u0103titoare etapa I 2025<\/a><a href=\"https:\/\/scoalamartisor.ro\/wp-content\/uploads\/2025\/03\/CERERE_TIP_CLSPRG_ETAPA_I_2025-1.pdf\" class=\"wp-block-file__button wp-element-button\" download aria-describedby=\"wp-block-file--media-62480d27-0f1a-4e66-902d-647e86849b26\">Download<\/a><\/div>\n\n\n\n<p><\/p>\n\n\n\n<div class=\"wp-block-file aligncenter\"><a id=\"wp-block-file--media-cdfd4389-229b-4344-954d-986da0191c0f\" href=\"https:\/\/scoalamartisor.ro\/wp-content\/uploads\/2025\/03\/Declaratie-pe-propria-raspundere.pdf\">Declara\u021bie pe propria r\u0103spundere<\/a><a href=\"https:\/\/scoalamartisor.ro\/wp-content\/uploads\/2025\/03\/Declaratie-pe-propria-raspundere.pdf\" class=\"wp-block-file__button wp-element-button\" download aria-describedby=\"wp-block-file--media-cdfd4389-229b-4344-954d-986da0191c0f\">Download<\/a><\/div>\n\n\n\n<p><\/p>\n\n\n\n<div class=\"wp-block-file aligncenter\"><a id=\"wp-block-file--media-f5d802d0-c2b7-45f8-ae5b-e518a9f74d91\" href=\"https:\/\/scoalamartisor.ro\/wp-content\/uploads\/2025\/03\/Declaratie-acord.pdf\">Declara\u021bie acord<\/a><a href=\"https:\/\/scoalamartisor.ro\/wp-content\/uploads\/2025\/03\/Declaratie-acord.pdf\" class=\"wp-block-file__button wp-element-button\" download aria-describedby=\"wp-block-file--media-f5d802d0-c2b7-45f8-ae5b-e518a9f74d91\">Download<\/a><\/div>\n\n\n\n<p><\/p>\n\n\n\n<hr class=\"wp-block-separator has-alpha-channel-opacity\"\/>\n\n\n\n<p class=\"has-text-align-center\">Program de \u00eenscriere \u00een clasa preg\u0103titoare<\/p>\n\n\n\n<p class=\"has-text-align-center\"><strong>Perioada:<\/strong> 28.03.2025 &#8211; 06.05.2025<\/p>\n\n\n\n<p class=\"has-text-align-center\"><strong>Cu excep\u021bia zilelor libere:<\/strong> 18.04.2025 &#8211; 22.04.2025 <strong>\u0219i<\/strong> 01.05.2025 &#8211; 02.05.2025<\/p>\n\n\n\n<p class=\"has-text-align-center\"><strong>Luni &#8211; Joi<\/strong>       08:00 &#8211; 18:00<\/p>\n\n\n\n<p class=\"has-text-align-center\"><strong>Vineri<\/strong>            08:00 &#8211; 17:00<\/p>\n\n\n\n<hr class=\"wp-block-separator aligncenter has-alpha-channel-opacity is-style-default\"\/>\n\n\n\n<p><\/p>\n\n\n\n<div class=\"wp-block-file aligncenter\"><a id=\"wp-block-file--media-ffd0a3e7-ddbf-4da6-b37c-07bc8e15e5f8\" href=\"https:\/\/scoalamartisor.ro\/wp-content\/uploads\/2025\/03\/Anunt-privind-ordinea-in-care-se-realizeaza-programarea-pentru-completarea-sau-validarea-cererilor-tip-de-inscriere-ART.13-ALIN.9.docx\">Anun\u021b privind ordinea \u00een care se realizeaz\u0103 programarea pentru completarea sau validarea cererilor tip de \u00eenscriere &#8211; ART.13, ALIN.9<\/a><a href=\"https:\/\/scoalamartisor.ro\/wp-content\/uploads\/2025\/03\/Anunt-privind-ordinea-in-care-se-realizeaza-programarea-pentru-completarea-sau-validarea-cererilor-tip-de-inscriere-ART.13-ALIN.9.docx\" class=\"wp-block-file__button wp-element-button\" download aria-describedby=\"wp-block-file--media-ffd0a3e7-ddbf-4da6-b37c-07bc8e15e5f8\">Download<\/a><\/div>\n\n\n\n<p><\/p>\n\n\n\n<div class=\"wp-block-file aligncenter\"><a id=\"wp-block-file--media-8cdf7d49-e559-4c4b-b515-9787b4472878\" href=\"https:\/\/scoalamartisor.ro\/wp-content\/uploads\/2025\/03\/ACTE-NECESARE-PENTRU-INSCRIEREA-IN-CLASA-PREGATITOARE-AN-SCOLAR-2025-2026-1.docx\">Acte necesare pentru \u00eenscrierea \u00een clasa preg\u0103titoare an \u0219colar 2025-2026<\/a><a href=\"https:\/\/scoalamartisor.ro\/wp-content\/uploads\/2025\/03\/ACTE-NECESARE-PENTRU-INSCRIEREA-IN-CLASA-PREGATITOARE-AN-SCOLAR-2025-2026-1.docx\" class=\"wp-block-file__button wp-element-button\" download aria-describedby=\"wp-block-file--media-8cdf7d49-e559-4c4b-b515-9787b4472878\">Download<\/a><\/div>\n\n\n\n<p><\/p>\n\n\n\n<div class=\"wp-block-file aligncenter\"><a id=\"wp-block-file--media-514bc162-f0b7-4579-b372-06e912a809f9\" href=\"https:\/\/scoalamartisor.ro\/wp-content\/uploads\/2025\/03\/Anunt-privind-prezentarea-de-inscrisuri-false.pdf\">Anun\u021b privind prezentarea de \u00eenscrisuri false<\/a><a href=\"https:\/\/scoalamartisor.ro\/wp-content\/uploads\/2025\/03\/Anunt-privind-prezentarea-de-inscrisuri-false.pdf\" class=\"wp-block-file__button wp-element-button\" download aria-describedby=\"wp-block-file--media-514bc162-f0b7-4579-b372-06e912a809f9\">Download<\/a><\/div>\n\n\n\n<p><\/p>\n\n\n\n<div class=\"wp-block-file aligncenter\"><a id=\"wp-block-file--media-5830ff89-cacc-4ffb-aae7-e05bff4a45f8\" href=\"https:\/\/scoalamartisor.ro\/wp-content\/uploads\/2025\/03\/Numarul-de-telefon-al-unitatii.docx\">Num\u0103rul de telefon al unit\u0103\u021bii<\/a><a href=\"https:\/\/scoalamartisor.ro\/wp-content\/uploads\/2025\/03\/Numarul-de-telefon-al-unitatii.docx\" class=\"wp-block-file__button wp-element-button\" download aria-describedby=\"wp-block-file--media-5830ff89-cacc-4ffb-aae7-e05bff4a45f8\">Download<\/a><\/div>\n\n\n\n<p><\/p>\n\n\n\n<p class=\"has-text-align-center\"><strong>TelVerde primar 2024 \u2013&nbsp;0800816021<\/strong>&nbsp;\u2013 \u00een curs de actualizare 2025<\/p>\n\n\n\n<p class=\"has-text-align-center\"><strong><em>SPA\u021aIUL \u00ceN CARE SE DESF\u0102\u0218OAR\u0102 CLASA PREG\u0102TITOARE<\/em><\/strong><\/p>\n\n\n\n<p class=\"has-text-align-center\"><strong>\u2013 Spa\u021biu luminos, curat, decorat cu materiale atractive \u0219i cu lucr\u0103rile&nbsp;copiilor;<br>\u2013 B\u0103nci universitare individuale;<br>\u2013 Condi\u021bii specifice pentru activit\u0103\u021bi integrate, audi\u021bii \u0219i video-audi\u021bii,&nbsp;prezent\u0103ri ppt, utilizarea unor softuri educa\u021bionale<\/strong><\/p>\n\n\n\n<figure class=\"wp-block-pullquote has-neve-link-color-color has-text-color has-link-color has-small-font-size wp-elements-79c284dee863b72dcdd6429b5bdff627\"><blockquote><p><strong>UN COPIL&nbsp;<em>NU<\/em>&nbsp;POATE FI \u00ceNSCRIS LA MAI MULTE UNIT\u0102\u021aI DE \u00ceNV\u0102\u021a\u0102M\u00c2NT<\/strong> !<\/p><\/blockquote><\/figure>\n","protected":false},"excerpt":{"rendered":"<p>\u00censcrierea \u00een clasa preg\u0103titoare, 2025-2026 Mai jos g\u0103si\u021bi calendarul complet pentru \u00eenscrierea \u00een clasa preg\u0103titoare &#8211; 2025\/2026 ZIUA POR\u021aILOR DESCHISE: 1 APRILIE \u00ceNTRE ORELE: 09:00 &#8211; 11:00 CALENDARUL \u00ceNSCRIERII LA CLASA PREG\u0102TITOARE ESTE \u00ceN PERIOADA: 28.03.2025 &#8211; 06.05.2025 Cu excep\u021bia zilelor libere:&nbsp;18.04.2025 \u2013 22.04.2025&nbsp;\u0219i&nbsp;01.05.2025 \u2013 02.05.2025 PROGRAMUL: LUNI &#8211; JOI \u00ceNTRE ORELE: 08:00 &#8211; 18:00&hellip;&nbsp;<a href=\"https:\/\/scoalamartisor.ro\/?page_id=1041\" class=\"\" rel=\"bookmark\">Cite\u0219te mai mult &raquo;<span class=\"screen-reader-text\">\u00censcrierea copiilor \u00een Clasa preg\u0103titoare, anul \u0219colar 2025-2026<\/span><\/a><\/p>\n","protected":false},"author":3,"featured_media":0,"parent":0,"menu_order":0,"comment_status":"closed","ping_status":"closed","template":"","meta":{"neve_meta_sidebar":"","neve_meta_container":"","neve_meta_enable_content_width":"","neve_meta_content_width":0,"neve_meta_title_alignment":"","neve_meta_author_avatar":"","neve_post_elements_order":"","neve_meta_disable_header":"","neve_meta_disable_footer":"","neve_meta_disable_title":"","footnotes":""},"class_list":["post-1041","page","type-page","status-publish","hentry"],"_links":{"self":[{"href":"https:\/\/scoalamartisor.ro\/index.php?rest_route=\/wp\/v2\/pages\/1041","targetHints":{"allow":["GET"]}}],"collection":[{"href":"https:\/\/scoalamartisor.ro\/index.php?rest_route=\/wp\/v2\/pages"}],"about":[{"href":"https:\/\/scoalamartisor.ro\/index.php?rest_route=\/wp\/v2\/types\/page"}],"author":[{"embeddable":true,"href":"https:\/\/scoalamartisor.ro\/index.php?rest_route=\/wp\/v2\/users\/3"}],"replies":[{"embeddable":true,"href":"https:\/\/scoalamartisor.ro\/index.php?rest_route=%2Fwp%2Fv2%2Fcomments&post=1041"}],"version-history":[{"count":42,"href":"https:\/\/scoalamartisor.ro\/index.php?rest_route=\/wp\/v2\/pages\/1041\/revisions"}],"predecessor-version":[{"id":1255,"href":"https:\/\/scoalamartisor.ro\/index.php?rest_route=\/wp\/v2\/pages\/1041\/revisions\/1255"}],"wp:attachment":[{"href":"https:\/\/scoalamartisor.ro\/index.php?rest_route=%2Fwp%2Fv2%2Fmedia&parent=1041"}],"curies":[{"name":"wp","href":"https:\/\/api.w.org\/{rel}","templated":true}]}}